 prime number?
False
Is 287047 prime?
True
Is 3244754 a prime number?
False
Is 54751 a composite number?
False
Is 1182117 prime?
False
Is 4259 prime?
True
Is 49255 prime?
False
Is 33827 a composite number?
False
Is 569573 prime?
True
Is 791 a composite number?
True
Is 2111 prime?
True
Is 2469 a prime number?
False
Is 2171 a composite number?
True
Is 8819 a composite number?
False
Is 106531 a composite number?
False
Is 7177 a composite number?
False
Is 189233 a prime number?
False
Is 720059 composite?
False
Is 530627 a prime number?
False
Is 4643 a prime number?
True
Is 493201 composite?
False
Is 61762 prime?
False
Is 398813 a prime number?
True
Is 2498893 prime?
True
Is 4267 composite?
True
Is 37119 a composite number?
True
Is 2787 composite?
True
Is 17971 a prime number?
True
Is 56193 prime?
False
Is 110369 prime?
False
Is 1181839 a prime number?
True
Is 118529 a prime number?
True
Is 19661 composite?
False
Is 137323 a prime number?
False
Is 2434233 composite?
True
Is 21149 a composite number?
False
Is 709799 prime?
True
Is 2053 a composite number?
False
Is 82591 composite?
False
Is 394187 a prime number?
True
Is 830703 prime?
False
Is 112718 composite?
True
Is 476299 prime?
True
Is 560311 a composite number?
False
Is 8039 a composite number?
False
Is 9871 a prime number?
True
Is 186631 composite?
True
Is 4106023 prime?
False
Is 26369 composite?
True
Is 239353 prime?
False
Is 3433 a prime number?
True
Is 46763 composite?
True
Is 3021385 prime?
False
Is 10897 a prime number?
False
Is 279269 a prime number?
True
Is 1438 composite?
True
Is 1003 composite?
True
Is 296549 composite?
True
Is 237421 composite?
True
Is 49229 a prime number?
False
Is 27989 composite?
True
Is 785093 composite?
False
Is 1754939 a composite number?
False
Is 101423 a prime number?
False
Is 13945 composite?
True
Is 3740001 composite?
True
Is 431878 a composite number?
True
Is 27043 composite?
False
Is 1131737 a prime number?
True
Is 28759 a prime number?
True
Is 12499 a composite number?
True
Is 17783 prime?
True
Is 51355 a prime number?
False
Is 55871 prime?
True
Is 1011539 a prime number?
True
Is 3749 a prime number?
False
Is 1785845 a composite number?
True
Is 26861 composite?
False
Is 1357 a composite number?
True
Is 133793 prime?
False
Is 13235 prime?
False
Is 46619 prime?
True
Is 114547 prime?
True
Is 538507 prime?
False
Is 7411 prime?
True
Is 76871 a prime number?
True
Is 1361 prime?
True
Is 27449 prime?
True
Is 395429 a composite number?
False
Is 129494 a composite number?
True
Is 47381 a prime number?
True
Is 3749647 a prime number?
False
Is 10007 composite?
False
Is 401371 composite?
False
Is 43223 composite?
False
Is 7867 prime?
True
Is 17079 a prime number?
False
Is 18197 prime?
False
Is 13951 composite?
True
Is 72749 prime?
False
Is 142819 a prime number?
False
Is 2513 a prime number?
False
Is 12449 a prime number?
False
Is 2939 a prime number?
True
Is 155807 prime?
False
Is 1147051 a prime number?
True
Is 668153 a composite number?
False
Is 1172047 prime?
True
Is 835 a prime number?
False
Is 1491233 a composite number?
False
Is 3151 a prime number?
False
Is 583733 a prime number?
True
Is 384673 a prime number?
True
Is 60251 a composite number?
False
Is 172357 a composite number?
False
Is 35515 a prime number?
False
Is 507347 a prime number?
True
Is 43223 composite?
False
Is 1052413 composite?
False
Is 12197 a composite number?
False
Is 1082 prime?
False
Is 22045 prime?
False
Is 366593 a composite number?
False
Is 9803 composite?
False
Is 3497 prime?
False
Is 146513 a prime number?
True
Is 1086539 a prime number?
False
Is 16547 prime?
True
Is 640678 a prime number?
False
Is 12829 composite?
False
Is 311977 a composite number?
True
Is 154109 a prime number?
False
Is 168233 a prime number?
False
Is 6731 prime?
False
Is 1923 a prime number?
False
Is 1759 prime?
True
Is 5981 prime?
True
Is 17291 a composite number?
False
Is 3907 prime?
True
Is 25409 prime?
True
Is 756911 prime?
False
Is 17401 composite?
False
Is 16787 a prime number?
True
Is 328699 a composite number?
True
Is 598613 composite?
False
Is 25691 a prime number?
False
Is 107741 a composite number?
False
Is 7354 composite?
True
Is 187823 composite?
False
Is 258809 composite?
False
Is 3491 a composite number?
False
Is 2707 a composite number?
False
Is 449839 prime?
False
Is 10487 composite?
False
Is 83723 composite?
True
Is 266803 prime?
False
Is 941587 prime?
False
Is 73097 composite?
True
Is 537 a prime number?
False
Is 50821 composite?
False
Is 51749 a prime number?
True
Is 40307 a composite number?
True
Is 59863 a prime number?
True
Is 984877 a prime number?
True
Is 66511 a composite number?
True
Is 1092005 a composite number?
True
Is 211691 a prime number?
True
Is 5951 composite?
True
Is 25127 a composite number?
False
Is 5639 prime?
True
Is 62889 composite?
True
Is 1987 a composite number?
False
Is 79307 prime?
False
Is 2843 prime?
True
Is 48647 prime?
True
Is 34097 a prime number?
False
Is 25743 a composite number?
True
Is 11959 composite?
False
Is 640387 a composite number?
True
Is 1657 a prime number?
True
Is 20243 composite?
True
Is 914293 a prime number?
True
Is 41809 a prime number?
True
Is 3849 a prime number?
False
Is 787963 a prime number?
False
Is 1151 a composite number?
False
Is 2911 a composite number?
True
Is 794 prime?
False
Is 4265 prime?
False
Is 5779 prime?
True
Is 13843 prime?
False
Is 990137 a prime number?
True
Is 13241 a composite number?
False
Is 145121 prime?
True
Is 7789 prime?
True
Is 23311 a composite number?
False
Is 179 composite?
False
Is 58363 a composite number?
False
Is 40241 composite?
False
Is 6073835 composite?
True
Is 8023 composite?
True
Is 495611 a prime number?
True
Is 2641 a composite number?
True
Is 183818 prime?
False
Is 2361 a prime number?
False
Is 24899 a prime number?
False
Is 19937 a prime number?
True
Is 309919 a composite number?
True
Is 591499 a prime number?
True
Is 43853 composite?
False
Is 24859 composite?
False
Is 311533 a prime number?
True
Is 777097 composite?
False
Is 13831 a composite number?
False
Is 1757389 composite?
True
Is 7669 a prime number?
True
Is 507147 prime?
False
Is 1390601 prime?
True
Is 315179 a composite number?
False
Is 6079 prime?
True
Is 29239 a prime number?
False
Is 58013 composite?
False
Is 13963 composite?
False
Is 15459 prime?
False
Is 394291 a composite number?
False
Is 15569 composite?
False
Is 85531 a prime number?
True
Is 116189 a prime number?
True
Is 331757 a prime number?
False
Is 50627 prime?
True
Is 13649 composite?
False
Is 43203 prime?
False
Is 13159 prime?
True
Is 2773361 a composite number?
True
Is 611773 a prime number?
False
Is 13217 a composite number?
False
Is 11469 a composite number?
True
Is 998915 prime?
False
Is 592867 a prime number?
False
Is 13885 prime?
False
Is 23461 composite?
True
Is 3793 composite?
False
Is 37489 composite?
False
Is 18113 a prime number?
False
Is 157721 a prime number?
True
Is 242027 a prime number?
False
Is 460865 a composite number?
True
Is 3353 composite?
True
Is 3400439 composite?
True
Is 541049 prime?
True
Is 76049 a prime number?
False
Is 71777 prime?
True
Is 5132065 composite?
True
Is 336961 composite?
False
Is 517558 composite?
True
Is 234673 a composite number?
False
Is 48827 a composite number?
True
Is 13227 a composite number?
True
Is 104207 a prime number?
True
Is 540751 a composite number?
False
Is 63185 prime?
False
Is 220037 composite?
True
Is 56981 prime?
False
Is 1541 prime?
False
Is 581811 composite?
True
Is 51031 a composite number?
False
Is 148807 prime?
False
Is 1973 composite?
False
Is 2459 a prime number?
True
Is 141299 prime?
False
Is 1152973 a prime number?
False
Is 566435 prime?
False
Is 587 composite?
False
Is 63949 prime?
True
Is 863023 composite?
True
Is 382678 a prime number?
False
Is 2879 composite?
False
Is 5305 prime?
False
Is 93071 a prime number?
False
Is 473207 prime?
False
Is 3717551 a prime number?
False
Is 76631 prime?
True
Is 1777 a prime number?
True
Is 44458 a composite number?
True
Is 590741 a composite number?
False
Is 403 a composite number?
True
Is 2118089 a composite number?
False
Is 85123 prime?
False
Is 133631 a prime number?
True
Is 28123 a composite number?
False
Is 95903 a composite number?
True
Is 170977 prime?
Fals